132?
3
What is the units digit of 55?
5
What is the units digit of 23669?
9
What is the tens digit of 1717?
1
What is the tens digit of 123?
2
What is the thousands digit of 1219?
1
What is the tens digit of 14731?
3
What is the thousands digit of 2290?
2
What is the units digit of 6884?
4
What is the tens digit of 82218?
1
What is the hundreds digit of 4259?
2
What is the tens digit of 58864?
6
What is the units digit of 34615?
5
What is the hundreds digit of 103923?
9
What is the tens digit of 4983?
8
What is the tens digit of 5581?
8
What is the hundreds digit of 5030?
0
What is the tens digit of 486?
8
What is the tens digit of 35145?
4
What is the tens digit of 4844?
4
What is the thousands digit of 1284?
1
What is the units digit of 642?
2
What is the thousands digit of 57312?
7
What is the thousands digit of 1609?
1
What is the tens digit of 115714?
1
What is the ten thousands digit of 22025?
2
What is the hundreds digit of 16863?
8
What is the ten thousands digit of 34319?
3
What is the hundred thousands digit of 123462?
1
What is the ten thousands digit of 33540?
3
What is the hundreds digit of 1466?
4
What is the units digit of 2783?
3
What is the tens digit of 534?
3
What is the tens digit of 33074?
7
What is the hundreds digit of 4451?
4
What is the ten thousands digit of 53985?
5
What is the tens digit of 1249?
4
What is the units digit of 2071?
1
What is the units digit of 13202?
2
What is the thousands digit of 12282?
2
What is the tens digit of 34840?
4
What is the tens digit of 169?
6
What is the hundreds digit of 436?
4
What is the hundreds digit of 29568?
5
What is the tens digit of 3338?
3
What is the tens digit of 48555?
5
What is the units digit of 2649?
9
What is the ten thousands digit of 38602?
3
What is the thousands digit of 87602?
7
What is the tens digit of 9583?
8
What is the thousands digit of 2568?
2
What is the units digit of 1693?
3
What is the tens digit of 39?
3
What is the units digit of 51967?
7
What is the units digit of 148?
8
What is the hundred thousands digit of 144146?
1
What is the tens digit of 23612?
1
What is the units digit of 111324?
4
What is the units digit of 9524?
4
What is the units digit of 38?
8
What is the units digit of 1199?
9
What is the ten thousands digit of 12257?
1
What is the hundreds digit of 516?
5
What is the hundreds digit of 4750?
7
What is the tens digit of 938?
3
What is the thousands digit of 88635?
8
What is the units digit of 5052?
2
What is the thousands digit of 151287?
1
What is the tens digit of 16681?
8
What is the hundreds digit of 41043?
0
What is the thousands digit of 2157?
2
What is the hundreds digit of 26099?
0
What is the tens digit of 588?
8
What is the ten thousands digit of 84830?
8
What is the units digit of 85598?
8
What is the ten thousands digit of 22890?
2
What is the tens digit of 733?
3
What is the ten thousands digit of 19637?
1
What is the hundreds digit of 271?
2
What is the ten thousands digit of 12092?
1
What is the tens digit of 17206?
0
What is the ten thousands digit of 10935?
1
What is the hundreds digit of 3624?
6
What is the units digit of 327?
7
What is the thousands digit of 4453?
4
What is the tens digit of 5507?
0
What is the thousands digit of 18790?
8
What is the ten thousands digit of 99669?
9
What is the tens digit of 522?
2
What is the tens digit of 1236?
3
What is the hundreds digit of 19046?
0
What is the units digit of 26746?
6
What is the units digit of 2186?
6
What is the thousands digit of 72596?
2
What is the tens digit of 2011?
1
What is the hundreds digit of 20736?
7
What is the units digit of 262?
2
What is the thousands digit of 1361?
1
What is the tens digit of 1896?
9
What is the thousands digit of 121145?
1
What is the hundreds digit of 1160?
1
What is the thousands digit of 21007?
1
What is the hundreds digit of 223?
2
What is the ten thousands digit of 14447?
1
What is the thousands digit of 6192?
6
What is the tens digit of 4242?
4
What is the tens digit of 629?
2
What is the hundreds digit of 6386?
3
What is the tens digit of 10964?
6
What is the thousands digit of 8703?
8
What is the tens digit of 256?
5
What is the tens digit of 356?
5
What is the units digit of 21641?
1
What is the thousands digit of 1522?
1
What is the hundreds digit of 5099?
0
What is the thousands digit of 25609?
5
What is the units digit of 20252?
2
What is the hundreds digit of 215?
2
What is the thousands digit of 22817?
2
What is the tens digit of 3288?
8
What is the units digit of 6360?
0
What is the hundreds digit of 16345?
3
What is the units digit of 627?
7
What is the hundreds digit of 47031?
0
What is the units digit of 2495?
5
What is the units digit of 63737?
7
What is the hundreds digit of 966?
9
What is the hundreds digit of 2844?
8
What is the thousands digit of 25175?
5
What is the hundreds digit of 3762?
7
What is the units digit of 66135?
5
What is the thousands digit of 4940?
4
What is the hundreds digit of 658?
6
What is the units digit of 921?
1
What is the units digit of 1703?
3
What is the tens digit of 7237?
3
What is the tens digit of 1211?
1
What is the hundreds digit of 1606?
6
What is the tens digit of 151?
5
What is the tens digit of 2703?
0
What is the units digit of 130553?
3
What is the units digit of 12806?
6
What is the thousands digit of 13179?
3
What is the tens digit of 3063?
6
What is the hundreds digit of 1512?
5
What is the tens digit of 654?
5
What is the units digit of 924?
4
What is the units digit of 22846?
6
What is the hundreds digit of 53499?
4
What is the hundreds digit of 8534?
5
What is the hundreds digit of 683?
6
What is the units digit of 17930?
0
What is the thousands digit of 4399?
4
What is the thousands digit of 25362?
5
What is the units digit of 48550?
0
What is the hundreds digit of 26297?
2
What is the hundreds digit of 3901?
9
What is the ten thousands digit of 10759?
1
What is the hundreds digit of 13605?
6
What is the hundreds digit of 1771?
7
What is the tens digit of 39?
3
What is the units digit of 12900?
0
What is the hundreds digit of 2497?
4
What is the units digit of 2084?
4
What is the tens digit of 96452?
5
What is the tens digit of 1668?
6
What is the tens digit of 182?
8
What is the units digit of 3865?
5
What is the hundreds digit of 7649?
6
What is the tens digit of 4638?
3
What is the units digit of 43?
3
What is the thousands digit of 5735?
5
What is the tens digit of 84154?
5
What is the tens digit of 2837?
3
What is the tens digit of 6347?
4
What is the ten thousands digit of 16918?
1
What is the thousands digit of 1256?
1
What is the units digit of 62988?
8
What is the units digit of 3138?
8
What is the ten thousands digit of 27383?
2
What is the units digit of 2248?
8
What is the thousands digit of 104739?
4
What is the units digit of 911?
1
What is the hundreds digit of 1657?
6
What is the tens digit of 6187?
8
What is the units digit of 367?
7
What is the tens digit of 206?
0
What is the tens digit of 10144?
4
What is the tens digit of 8315?
1
What is the hundreds digit of 10394?
3
What is the units digit of 3154?
4
What is the hundreds digit of 823?
8
What is the units digit of 36?
6
What is the units digit of 465?
5
What is the tens digit of 176027?
2
What is the tens digit of 82216?
1
What is the thousands digit of 6064?
6
What is the tens digit of 739?
3
What is the hundreds digit of 39383?
3
What is the thousands digit of 7679?
7
What is the hundreds digit of 345?
3
What is the units digit of 20108?
8
What is the units digit of 157747?
7
What is the tens digit of 1366?
6
What is the units digit of 205?
5
What is the hundreds digit of 33565?
5
What is the units digit of 2402?
2
What is the tens digit of 104487?
8
What is the units digit of 1008?
8
What is the tens digit of 2309?
0
What is the hundreds digit of 71422?
4
What is the hundreds digit of 82035?
0
What is the hundreds digit of 5739?
7
What is the units digit of 33601?
1
What is the ten thousands digit of 116221?
1
What is the hundreds digit of 1361?
3
What is the units digit of 7070?
0
What is the units digit of 53?
3
What is the thousands digit of 2079?
2
What is the hundreds digit of 36185?
1
What is the tens digit of 40637?
3
What is the units digit of 94?
4
What is the hundreds di